 2*l(m). Let s(a) = -a + 1. Let w(o) = -7*s(o) + 4*u(o). Give w(-4).
-3
Let u(m) = -42*m**2 - 2*m**3 + m**3 + 28*m**2 - 1 + 18*m**2 + m. Calculate u(4).
3
Let b(p) = p**3 - 3*p - 4. Suppose -41 + 56 = 5*w. What is b(w)?
14
Let h(g) = 51*g**2 + 29*g + 19. Let r(m) = -14*m**2 - 7*m - 5. Let p(t) = -3*h(t) - 11*r(t). Give p(11).
9
Let c(o) = -o**2 - 10*o - 10. Let q(t) = 3*t**2 + 12*t - 47. Let b(r) = -2*r**2 - 8*r + 31. Let g(d) = 8*b(d) + 5*q(d). Let v be g(-7). Calculate c(v).
6
Let d(c) = -c + 15. Suppose -340 - 12 = -32*q. Calculate d(q).
4
Let k(c) = -13*c**3 - 14*c**2 + 7*c + 30. Let b(i) = 7*i**3 + 7*i**2 - 4*i - 16. Let l(r) = -11*b(r) - 6*k(r). Determine l(-6).
20
Let y be 1/(1*(-1)/(-2)). Let r(t) = 0*t + 7*t - 4 + t**y - 9*t. Calculate r(5).
11
Let j(y) be the first derivative of 3*y - 2*y**2 - 9 + 2/3*y**3. What is j(3)?
9
Let o(p) = 6*p - 16. Let c be o(3). Let x(v) = -8*v + 1 - 7*v + 14*v + c*v. Determine x(5).
6
Let a(c) = 2*c + 11. Let z be a(-7). Suppose 5*s - 18 = -n - 4, 0 = s - 3*n - 6. Let r(l) = 1 + 5*l - 2*l**2 + 0*l - l**s + 1. Calculate r(z).
-4
Let x(r) = -8*r**2 - r + 1. Let p = -729 - -731. Let u = 2 - -6. Suppose -n = o - p, -o + u*n - 4*n - 3 = 0. Determine x(o).
-8
Let l(w) = 11*w**2 - 7*w + 2. Let k(z) = -5*z**2 + 3*z - 1. Let d(u) = 9*k(u) + 4*l(u). Let t(q) = q**2 + 5*q + 2. Let c be t(-4). Give d(c).
-3
Let f(l) be the second derivative of -5*l**4/12 + l**3/3 + l**2 - 48*l + 1. Determine f(2).
-14
Suppose -6*r + 18 = -3*r - 5*m, 5*r = -3*m + 30. Let u = -5 + r. Let o(x) = 4*x**2 - x + 1. Determine o(u).
4
Let j = 38 - 32. Let s(u) = 10*u + 4 + j - 13. Give s(2).
17
Let u be (-4)/18 - 65/(-9). Let j(n) be the third derivative of -n**6/120 + 7*n**5/60 - n**4/24 + 5*n**3/6 + 194*n**2. Calculate j(u).
-2
Let n(k) be the second derivative of k**4/12 + 2*k**3 - 7*k**2/2 - 744*k. What is n(-12)?
-7
Let s = 272 + -270. Let v(y) be the first derivative of -y**3/3 + y**2/2 - y + 4. Calculate v(s).
-3
Let q(z) be the third derivative of -z**7/840 + z**6/45 - z**5/24 - 17*z**3/3 + 24*z**2. Let c(h) be the first derivative of q(h). Determine c(7).
14
Let w(r) = r**3 + 6*r**2 - 18*r - 16. Let k be w(-8). Let q(j) be the second derivative of 8*j + 1/2*j**2 + 0 + 1/6*j**3. What is q(k)?
1
Let l(b) be the second derivative of -b**5/20 + b**4/2 + b**3/3 - 3*b**2 - 58*b. What is l(6)?
6
Suppose -4*t = -5*i + 30, 11 = 4*i + 2*t - 13. Suppose 0 = -h - 1, 2*w + h - i = -h. Let j be 105/14*w/(-6). Let u(g) = g + 3. Calculate u(j).
-2
Let f(p) = 3*p. Suppose 7*n + 3*n = -3*n. Let k be f(n). Let v(c) = c**3 - c**2 - c - 7. Determine v(k).
-7
Let d(c) = -5*c**2 - 4*c - 2. Let x = -203 - -201. Give d(x).
-14
Let l = 103 + -101. Suppose -7*c + 19 = 2*i - l*c, -i - 2*c + 8 = 0. Let s(v) = v**3 - 4*v**2 + 3*v - 1. Calculate s(i).
-3
Suppose 2 = -62*p + 65*p - l, 6 = -3*p - 3*l. Let j(f) = -f - 25. What is j(p)?
-25
Let r(n) = -n**3 - n**2 + 3*n + 1. Let k(u) = 13*u**3 + 5*u - 14*u**3 + 0*u**2 - 3*u**2 + 2. Let h be k(-4). Let z be r(h). Let m(t) = t. What is m(z)?
-1
Let x(y) = -y + 1. Let z(t) be the first derivative of -5*t**2/2 - t + 16. Let l = -3 + 2. Let p be z(l). Determine x(p).
-3
Let h(i) = 23*i - 7*i - i**2 - 9*i + 4*i + 11. Give h(9).
29
Let w(u) = u**3 + u**2 - 2*u + 2. Let g = 47 - 34. Suppose -g - 2 = 5*y. Give w(y).
-10
Suppose -i + 5*d = -4 - 14, 5*d + 57 = 4*i. Let u = 19 - i. Let x be -2*3*3/u. Let a(w) = w**3 + 3*w**2 - 4*w - 4. Give a(x).
8
Let k(a) = 7*a - 1. Let c(u) = -4*u + 6. Let z(i) = -c(i) - k(i). What is z(4)?
-17
Suppose 560*r - 570*r - 140 = 0. Let j(m) = 2*m + 32. Determine j(r).
4
Let u(v) = 9*v. Suppose -2*l - 138 = -3*y, 5*l + 116 = -2*y - 191. Let j = l + 65. Determine u(j).
18
Let c(s) = s**3 - 10*s**2 + 8*s + 11. Suppose h - 24 = -3*d, -11*h + 5*d - 70 = -16*h. Determine c(h).
2
Let b(w) = 0 - 4 + 0*w**2 - 19*w**2 - 1. Let p(y) = 9*y**2 + 2. Let x(o) = -3*b(o) - 7*p(o). Suppose 3*q + 2 = 5*q. Calculate x(q).
-5
Let c(h) = -4*h**2 + 2*h + 2. Let z(v) = -v**3 + 10*v + 1. Let q be z(-3). Calculate c(q).
-18
Let z(f) = 0 + 3 - 7*f + 3*f. Let l(j) = -j**2 + 12*j - 9. Let w be l(11). Determine z(w).
-5
Let h(r) = r**2 + 7*r + 1. Let a = 9 - 7. Let i be (3 + (-9)/6)*a. Let y = i + -8. Calculate h(y).
-9
Let k(p) be the second derivative of p**4/12 + p**3/6 - p**2/2 + p. Let d = -17383 + 17380. Give k(d).
5
Let b(t) = -t**3 - 8*t**2 - 5. Suppose -4*w + i = -28, -5*w - i + 9 + 17 = 0. Let x be (-531)/63 - w/(-14). Calculate b(x).
-5
Let h(m) be the third derivative of -m**5/30 - m**3/6 + 7*m**2. Determine h(-2).
-9
Let b(f) be the third derivative of -f**9/60480 - f**8/2520 - f**7/840 + f**6/72 - f**5/30 + 2*f**2. Let r(q) be the third derivative of b(q). Give r(-7).
3
Let k(q) be the first derivative of q**4/4 + 10*q**3/3 + 6*q - 116. Determine k(-10).
6
Let s(u) be the third derivative of u**6/120 - 3*u**5/20 + u**4/4 + u**3 - 66*u**2. Let o be 7 + (-3)/(-6)*2. Give s(o).
-10
Let k be (2 - 2)/((-48)/(-12)). Let b(i) be the third derivative of 0*i**3 + 4*i**2 - 1/60*i**5 + k - 1/6*i**4 + 0*i. What is b(-5)?
-5
Let j(g) = 2*g - 2*g**3 + 4*g**3 - 5*g**3 + 2*g**3 - 4 - 5*g**2 + 2*g**3. Give j(4).
-12
Let g be 3*-2*(-22)/24*-2. Let b be g + (-2)/4*(-18)/9. Let u(c) = -c**2 - 11*c - 9. Calculate u(b).
1
Let f(v) = 21*v. Let l be (-3)/3 - (7 + (4 - 10)). Determine f(l).
-42
Let d(f) = f - 10. Let n be d(10). Suppose q + 2*u - 12 = n, -2*q + 0*u + 12 = u. Suppose 0 = -q*v - 0*o - o + 4, -4*o = -16. Let m(y) = -y + 4. Calculate m(v).
4
Let t = 2 + 1. Let p(h) = 4*h - 11*h - t + 5*h + 4*h. Determine p(4).
5
Let y(g) = 2. Let q(w) = -w + 3. Let r(l) = -3*q(l) + 5*y(l). What is r(1)?
4
Let p(j) be the first derivative of 2 + j**2 + j - 1/3*j**3. What is p(4)?
-7
Suppose 34*c - 42*c = -80. Let z(l) = l**2 - 9*l - 15. Give z(c).
-5
Let y(v) = 29 + v**2 - 87 + 35 - 4*v + 30. What is y(3)?
4
Suppose 3*t - 4*c = 8, 0 = -3*t - 0*c + 5*c + 7. Let g(z) = -15*z - t + 27*z + 7 - 13*z. Determine g(6).
-3
Let q(n) be the second derivative of -11*n + 4*n**2 - 1/6*n**3 + 0. What is q(-7)?
15
Let j(b) = -b**2 - 8*b. Let t be (-7 - 1/1)/1. What is j(t)?
0
Let g = -79 + 81. Let w(t) be the first derivative of 0*t**g - 10 + t - 1/3*t**3. Determine w(3).
-8
Let a(x) = 7*x - 3. Let j(d) = 12*d - 7. Let c(s) = -5*a(s) + 3*j(s). Give c(11).
5
Let j = 485 + -483. Let b(g) = g**2 - 3*g + 1. Calculate b(j).
-1
Let o(k) = -k**2 + 4*k + 8. Suppose 5*n = 5 + 180. Suppose -5*p = n + 18. Let x = p + 17. What is o(x)?
-4
Let s(y) = 2*y**2 + y + 1. Let i be -4 + 90/24 - (-6)/(-8). Give s(i).
2
Let t(y) = -2*y**3 - 50*y**2 + 5*y + 130. Let h be t(-25). Let g(l) = l**2 + l. Let x(c) = -5*c**2 - 8*c - 1. Let n(m) = 6*g(m) + x(m). What is n(h)?
14
Let t(l) = l**3 + 2*l**2 - 4*l - 4. Suppose 5*v = 2*n + 65, 3*v = 3*n - 5*n + 23. Let s = -6 + v. Suppose 3*z + 0*d = -4*d - 13, d = -s*z - 16. Determine t(z).
-1
Let t(p) = 3. Let q(g) = -11*g - 7. Let k(r) = q(r) + 2*t(r). Determine k(1).
-12
Let b(l) be the first derivative of -l**6/360 - l**5/120 + 17*l**4/24 - 6*l**3 + 2. Let s(o) be the third derivative of b(o). Determine s(0).
17
Let y(v) = 4*v + 4. Suppose 2*k + 8 = 0, 7 + 7 = -5*x - k. Let b be ((-1)/1)/(2/4). Let c = b + x. Determine y(c).
-12
Let c(o) = -5*o + 34. Let q(h) = 5*h - 39. Let n(p) = 7*c(p) + 6*q(p). What is n(2)?
-6
Suppose -3*i = -8*i + 165. Let t = -27 + i. Let k(d) = -d**3 + 7*d**2 - 4*d - 7. Give k(t).
5
Let v(c) = -4*c**3 + 2*c**2 - c - 7. Let l = 18 + -16. Let p(j) = 2 - 3*j**2 + 1 + 3 + 3*j**3 + j. Let r(z) = l*v(z) + 3*p(z). Give r(4).
-8
Let q(t) be the second derivative of -2*t**5/5 - t**3/6 + t. Let u = -196 + 197. What is q(u)?
-9
Let i(r) be the first derivative of 2*r**3/3 + r - 179. Let s be (-1)/4 - 84/(-16). Suppose -s*l + 0*l - 5 = 0. Give i(l).
3
Let h = -16 - -51. Let y(j) = j**2 + j**3 + 5*j**2 + 32 + j + 0*j**2 - h. Give y(-5).
17
Suppose -3*n + 18 = 9. Let m(x) = -x**2 + 4*x + 2. Let f be m(n). Let a(c) = c - 2 + 2 - 2 + f. What is a(4)?
7
Let t = 412 - 406. Let l(m) = m**3 + 3*m**2 - 2*m - 3. Let h be l(-3). Suppose -h*a - 9 = t. Let q(i) = -3*i - 4. Give q(a).
11
Let k(b) = -77*b**2 + 233*b**2 - 74*b**2 - 2*b + 23 - 83*b**2. What is k(-5)?
8
Let d(b) = b**3 + 9*b**2 - 10*b - 8. Let h(p) = -p**3 - 8*p**2 + 9*p 